e
Is 445333469 a prime number?
False
Is 605087003 prime?
True
Is 1238481889 composite?
True
Is 249231583 composite?
True
Is 16515091757 composite?
True
Is 28326993671 prime?
False
Is 151894121477 a prime number?
False
Is 3285229349 composite?
False
Is 9763603199 a composite number?
True
Is 23531823122 composite?
True
Is 2749244863 a composite number?
True
Is 3799313281 a composite number?
True
Is 788503063 composite?
False
Is 7939084379 prime?
True
Is 5398630387 a composite number?
False
Is 174244879 a prime number?
True
Is 1178424811 composite?
False
Is 1838023163 prime?
True
Is 2033081779 composite?
True
Is 7861459051 a composite number?
False
Is 12306304531 prime?
True
Is 107489971 a prime number?
False
Is 2202995857 a composite number?
False
Is 1444517342 a prime number?
False
Is 18283687607 prime?
True
Is 1755684043 prime?
False
Is 21354745429 a composite number?
True
Is 471461693 composite?
False
Is 30274986211 a composite number?
True
Is 5590779449 composite?
False
Is 1817532865 prime?
False
Is 47115519019 prime?
True
Is 25933939 a prime number?
False
Is 34402470763 composite?
True
Is 4433424991 a composite number?
False
Is 4850046517 composite?
True
Is 2040080431 composite?
False
Is 262487113111 a composite number?
False
Is 119540029081 a composite number?
True
Is 221140129 a prime number?
False
Is 146129505999 a prime number?
False
Is 18118042343 a composite number?
False
Is 1584925019 a prime number?
True
Is 11436739231 composite?
False
Is 104184844463 a prime number?
False
Is 518908697 a prime number?
False
Is 4653011893 a composite number?
False
Is 67662977 a prime number?
True
Is 4509690727 prime?
False
Is 1472215343 a prime number?
True
Is 3463733899 a prime number?
True
Is 75534244459 prime?
False
Is 192440719 a prime number?
False
Is 141567957019 composite?
True
Is 35034391397 a composite number?
True
Is 81007323 composite?
True
Is 9592298381 a composite number?
False
Is 11685023687 prime?
False
Is 33155609243 a composite number?
False
Is 2894640041 a prime number?
False
Is 1190870323 a composite number?
True
Is 532431089 a composite number?
True
Is 33755030413 a composite number?
True
Is 1960315333 composite?
True
Is 57177467371 a prime number?
True
Is 105829993 prime?
True
Is 161010319 prime?
False
Is 368283343 prime?
True
Is 348248837 a composite number?
False
Is 2918329679 prime?
True
Is 19191963449 a composite number?
False
Is 4886533 composite?
True
Is 7567474309 a prime number?
True
Is 1176978307 composite?
False
Is 39953703347 composite?
True
Is 2088404717 composite?
True
Is 42835304587 a prime number?
False
Is 2748486359 a prime number?
False
Is 315693517 a prime number?
False
Is 1640863489 prime?
True
Is 8425782049 a prime number?
True
Is 856956251 a prime number?
True
Is 2910384835 composite?
True
Is 18532825361 a prime number?
True
Is 144472973 a prime number?
False
Is 1198749343 composite?
True
Is 9527292631 composite?
True
Is 11212326017 a composite number?
False
Is 208129448119 composite?
False
Is 2067661157 a prime number?
False
Is 1589649931 composite?
False
Is 8742987833 composite?
True
Is 5670127373 a composite number?
False
Is 3049212473 prime?
False
Is 11117663554 prime?
False
Is 215387519 a prime number?
True
Is 9414813679 a prime number?
True
Is 161366551466 a prime number?
False
Is 2573052617 a prime number?
True
Is 85383971 a prime number?
False
Is 1320557789 composite?
False
Is 336031937 a prime number?
False
Is 342374171 prime?
True
Is 3896857651 a prime number?
False
Is 16012897217 a prime number?
True
Is 162788609 prime?
False
Is 353544071 a prime number?
False
Is 17626868669 a prime number?
True
Is 12371502277 prime?
True
Is 1082306027 composite?
True
Is 9048254897 composite?
True
Is 2104131167 a composite number?
False
Is 350961683 a composite number?
True
Is 4210259413 composite?
True
Is 227124493 a prime number?
True
Is 30594688781 prime?
True
Is 92176732171 a prime number?
True
Is 3787771181 a prime number?
True
Is 8158372483 a composite number?
True
Is 1888870799 a prime number?
False
Is 3099168779 a composite number?
True
Is 5089858261 a prime number?
False
Is 49924199201 prime?
True
Is 15499285177 a prime number?
False
Is 2797480831 a prime number?
True
Is 1381027379 prime?
True
Is 3486818593 a prime number?
False
Is 75918374047 a composite number?
True
Is 353592723313 composite?
False
Is 323821229 a prime number?
True
Is 177374578 a composite number?
True
Is 2215904147 composite?
False
Is 14467725137 a composite number?
True
Is 24005336986 composite?
True
Is 9310026035 a prime number?
False
Is 56263937 prime?
False
Is 26717915009 a prime number?
True
Is 154174763 a composite number?
False
Is 391558757 a composite number?
False
Is 141686547771 a prime number?
False
Is 1095030959 prime?
False
Is 3964114741 composite?
True
Is 298274803 a prime number?
True
Is 29241293383 a prime number?
False
Is 28587607457 prime?
True
Is 751448437 composite?
True
Is 538486073 composite?
False
Is 12471673177 a prime number?
False
Is 53559509863 a prime number?
True
Is 197433763007 composite?
True
Is 1052816347 prime?
False
Is 61227692531 prime?
False
Is 127516835 a prime number?
False
Is 4058692531 a prime number?
True
Is 406711193 composite?
True
Is 9090160141 composite?
False
Is 5060956799 a composite number?
False
Is 383058667 composite?
True
Is 5918105786 a composite number?
True
Is 2576334863 a composite number?
False
Is 47138711 a composite number?
False
Is 1886262691 prime?
True
Is 220462777 prime?
True
Is 25041930761 composite?
False
Is 1666450069 composite?
False
Is 26830185047 prime?
False
Is 102132967449 prime?
False
Is 909582719 a prime number?
True
Is 3974324789 a prime number?
False
Is 3457685551 a prime number?
True
Is 4936869433 prime?
False
Is 101533769 a prime number?
True
Is 15986037677 a composite number?
False
Is 1098507479 composite?
True
Is 64214924471 a composite number?
False
Is 157624158599 prime?
True
Is 11791305761 composite?
False
Is 5583757243 prime?
False
Is 16204946299 a composite number?
True
Is 1352740703 a composite number?
False
Is 3221356169 prime?
False
Is 2025389477 prime?
True
Is 12011417731 prime?
False
Is 791790711 composite?
True
Is 10023140093 prime?
True
Is 29790765001 a composite number?
False
Is 339444737 a composite number?
False
Is 415468831 a composite number?
True
Is 17701322 composite?
True
Is 348000493 composite?
True
Is 25837616249 prime?
True
Is 24087546481 prime?
True
Is 80418463757 a composite number?
True
Is 8572069351 a prime number?
True
Is 3693445909 prime?
True
Is 82290255061 composite?
True
Is 926275853 composite?
True
Is 55298339 composite?
False
Is 12530172971 a prime number?
True
Is 87697720963 prime?
False
Is 47380189171 a prime number?
False
Is 1849211321 prime?
True
Is 306141335 a prime number?
False
Is 1739213167 prime?
True
Is 87466979 prime?
True
Is 3126961 a composite number?
False
Is 787482034 a composite number?
True
Is 4942566361 a prime number?
True
Is 117247084637 a composite number?
False
Is 2339759857 composite?
False
Is 126695447 prime?
True
Is 27144691787 a composite number?
True
Is 878076921 a prime number?
False
Is 3330851989 a composite number?
False
Is 68275743 a prime number?
False
Is 5976348457 a composite number?
True
Is 13445601919 a composite number?
True
Is 2500134533 composite?
True
Is 3382191889 a prime number?
True
Is 1008434541 prime?
False
Is 116770469 a prime number?
True
Is 456233857 prime?
True
Is 447443657 prime?
False
Is 7972673297 a composite number?
True
Is 7088812631 a prime number?
True
Is 404032721 a prime number?
False
Is 36960797 prime?
True
Is 46273145147 composite?
True
Is 32901641 composite?
False
Is 14061167677 a prime number?
True
Is 245722577 prime?
True
Is 6142533119 a prime number?
True
Is 98328253 composite?
True
Is 3475548079 prime?
True
Is 412605329 a prime number?
False
Is 378185494 a prime number?
False
Is 330412301 a composite number?
True
Is 34688201579 prime?
False
Is 2051768507 a composite number?
False
Is 34498427113 prime?
True
Is 99282823 a composite number?
True
Is 73742261 composite?
False
Is 8755369193 prime?
False
Is 49406579983 prime?
False
Is 31022920273 composite?
False
Is 108492261303 a prime number?
False
Is 26521885109 a prime number?
True
Is 1091782063 prime?
True
Is 